{"id":784,"date":"2019-08-12T13:55:22","date_gmt":"2019-08-12T11:55:22","guid":{"rendered":"https:\/\/www.chiquiocio.com\/ads\/tienda\/"},"modified":"2021-02-18T14:01:26","modified_gmt":"2021-02-18T13:01:26","slug":"revista","status":"publish","type":"page","link":"https:\/\/www.chiquiocio.com\/ads\/revista\/","title":{"rendered":"Tienda"},"content":{"rendered":"<p>[et_pb_section fb_built=&#8221;1&#8243; _builder_version=&#8221;3.22.7&#8243; custom_margin=&#8221;||1px|||&#8221; custom_padding=&#8221;2px||5px|||&#8221;][et_pb_row custom_padding=&#8221;0px||5px|||&#8221; _builder_version=&#8221;3.22.7&#8243;][et_pb_column type=&#8221;4_4&#8243; _builder_version=&#8221;3.22.7&#8243;][et_pb_image src=&#8221;https:\/\/www.chiquiocio.com\/ads\/wp-content\/uploads\/2019\/07\/ChiquiOcio_web.jpg&#8221; align=&#8221;center&#8221; _builder_version=&#8221;3.22.7&#8243; max_width=&#8221;70%&#8221; custom_margin=&#8221;||2px|||&#8221; custom_padding=&#8221;0px||3px|||&#8221;][\/et_pb_image][et_pb_text _builder_version=&#8221;3.22.7&#8243; header_font=&#8221;||||||||&#8221; header_3_font=&#8221;Comfortaa||||||||&#8221; header_3_text_color=&#8221;#2abdaf&#8221; header_3_font_size_tablet=&#8221;20px&#8221; header_3_font_size_last_edited=&#8221;on|desktop&#8221; custom_margin=&#8221;||-1px|||&#8221; custom_padding=&#8221;3px||0px|||&#8221;]<\/p>\n<h3>En ChiquiOcio nos dedicamos:<\/h3>\n<p>[\/et_pb_text][et_pb_text _builder_version=&#8221;3.22.7&#8243; text_font=&#8221;Comfortaa||||||||&#8221; text_text_color=&#8221;#000000&#8243; text_font_size=&#8221;18px&#8221; text_orientation=&#8221;justified&#8221; custom_margin=&#8221;-3px|||||&#8221; custom_padding=&#8221;10px|||||&#8221;]<\/p>\n<p>Por un lado, a\u00a0<strong>informar a las familias con ni\u00f1os\/ni\u00f1as<\/strong> sobre la\u00a0<strong>cultura<\/strong>, el\u00a0<strong>ocio<\/strong>, y el\u00a0<strong>turismo familiar<\/strong>, a trav\u00e9s de la revista gratuita ChiquiOcio, de la web <a href=\"http:\/\/www.chiquiocio.com\" target=\"_blank\" rel=\"noopener noreferrer\">www.chiquiocio.com<\/a> y de las Redes Sociales.<\/p>\n<p>Por otro lado, a\u00a0<strong>asesorar a entidades y empresas<\/strong> con el fin de que ofrezcan siempre\u00a0la\u00a0<strong>mejor promoci\u00f3n de sus servicios<\/strong>,<strong> productos y\/o eventos<\/strong>.<\/p>\n<p>Miles de familias utilizan ChiquiOcio para buscar entre sus p\u00e1ginas qu\u00e9 planes hacer o qu\u00e9 lugares visitar con ni\u00f1@s.<\/p>\n<p>Si quieres, tienes la oportunidad de mostrarles todo lo que necesitan saber para conoceros mejor.<\/p>\n<p>[\/et_pb_text][\/et_pb_column][\/et_pb_row][et_pb_row _builder_version=&#8221;3.22.7&#8243;][et_pb_column type=&#8221;4_4&#8243; _builder_version=&#8221;3.22.7&#8243;][et_pb_text _builder_version=&#8221;3.22.7&#8243; custom_padding=&#8221;||0px|||&#8221; link_option_url=&#8221;https:\/\/www.chiquiocio.com\/ads\/categoria-producto\/campana-especial\/matriculas\/&#8221;]<\/p>\n<p>TIENDA \/ CAMPA\u00d1A ESPECIAL \/ MATR\u00cdCULAS<\/p>\n<p>[\/et_pb_text][et_pb_image src=&#8221;https:\/\/www.chiquiocio.com\/ads\/wp-content\/uploads\/2021\/02\/bannersuperior_especialmatriculas-3-scaled.jpg&#8221; url=&#8221;https:\/\/www.chiquiocio.com\/ads\/categoria-producto\/campana-especial\/matriculas\/&#8221; _builder_version=&#8221;3.22.7&#8243; custom_padding=&#8221;0px|||||&#8221;][\/et_pb_image][\/et_pb_column][\/et_pb_row][\/et_pb_section][et_pb_section fb_built=&#8221;1&#8243; _builder_version=&#8221;3.22.7&#8243; custom_margin=&#8221;1px|||||&#8221; custom_padding=&#8221;3px||12px|||&#8221;][et_pb_row custom_padding=&#8221;3px||2px|||&#8221; _builder_version=&#8221;3.22.7&#8243;][et_pb_column type=&#8221;4_4&#8243; _builder_version=&#8221;3.22.7&#8243;][et_pb_text _builder_version=&#8221;3.22.7&#8243;]<\/p>\n<p style=\"text-align: center;\"><a href=\"https:\/\/www.chiquiocio.com\/ads\/politica-de-privacidad-de-datos\/\" target=\"_blank\" rel=\"noopener noreferrer\">Pol\u00edtica de Privacidad<\/a><span style=\"text-align: left; color: #333333; text-transform: none; text-indent: 0px; letter-spacing: normal; font-family: Georgia,'Times New Roman','Bitstream Charter',Times,serif; font-size: 16px; font-style: normal; font-variant: normal; font-weight: 400; word-spacing: 0px; display: inline !important; white-space: normal; cursor: text; orphans: 2; float: none; -webkit-text-stroke-width: 0px; background-color: #ffffff;\">\u00a0 \u00a0 \u00a0 \u00a0 \u00a0\u00a0<\/span><a href=\"https:\/\/www.chiquiocio.com\/ads\/aviso-legal\/\" target=\"_blank\" rel=\"noopener noreferrer\">Aviso Legal<\/a><span style=\"text-align: left; color: #333333; text-transform: none; text-indent: 0px; letter-spacing: normal; font-family: Georgia,'Times New Roman','Bitstream Charter',Times,serif; font-size: 16px; font-style: normal; font-variant: normal; font-weight: 400; word-spacing: 0px; display: inline !important; white-space: normal; cursor: text; orphans: 2; float: none; -webkit-text-stroke-width: 0px; background-color: #ffffff;\">\u00a0 \u00a0 \u00a0 \u00a0 \u00a0\u00a0<\/span><a href=\"https:\/\/www.chiquiocio.com\/ads\/politica-de-cookies\/\" target=\"_blank\" rel=\"noopener noreferrer\">Pol\u00edtica de Cookies<\/a><\/p>\n<p>[\/et_pb_text][\/et_pb_column][\/et_pb_row][\/et_pb_section]<\/p>\n","protected":false},"excerpt":{"rendered":"<p>[et_pb_section fb_built=&#8221;1&#8243; _builder_version=&#8221;3.22.7&#8243; custom_margin=&#8221;||1px|||&#8221; custom_padding=&#8221;2px||5px|||&#8221;][et_pb_row custom_padding=&#8221;0px||5px|||&#8221; _builder_version=&#8221;3.22.7&#8243;][et_pb_column type=&#8221;4_4&#8243; _builder_version=&#8221;3.22.7&#8243;][et_pb_image src=&#8221;https:\/\/www.chiquiocio.com\/ads\/wp-content\/uploads\/2019\/07\/ChiquiOcio_web.jpg&#8221; align=&#8221;center&#8221; _builder_version=&#8221;3.22.7&#8243; max_width=&#8221;70%&#8221; custom_margin=&#8221;||2px|||&#8221; custom_padding=&#8221;0px||3px|||&#8221;][\/et_pb_image][et_pb_text _builder_version=&#8221;3.22.7&#8243; header_font=&#8221;||||||||&#8221; header_3_font=&#8221;Comfortaa||||||||&#8221; header_3_text_color=&#8221;#2abdaf&#8221; header_3_font_size_tablet=&#8221;20px&#8221; header_3_font_size_last_edited=&#8221;on|desktop&#8221; custom_margin=&#8221;||-1px|||&#8221; custom_padding=&#8221;3px||0px|||&#8221;] En ChiquiOcio nos dedicamos: [\/et_pb_text][et_pb_text _builder_version=&#8221;3.22.7&#8243; text_font=&#8221;Comfortaa||||||||&#8221; text_text_color=&#8221;#000000&#8243; text_font_size=&#8221;18px&#8221; text_orientation=&#8221;justified&#8221; custom_margin=&#8221;-3px|||||&#8221; custom_padding=&#8221;10px|||||&#8221;] Por un lado, a\u00a0informar a las familias con ni\u00f1os\/ni\u00f1as sobre la\u00a0cultura, el\u00a0ocio, y el\u00a0turismo familiar, a trav\u00e9s de la revista [&hellip;]<\/p>\n","protected":false},"author":1,"featured_media":0,"parent":0,"menu_order":0,"comment_status":"closed","ping_status":"closed","template":"","meta":{"_et_pb_use_builder":"on","_et_pb_old_content":"<!-- wp:image {\"id\":622,\"sizeSlug\":\"large\"} -->\n<figure class=\"wp-block-image size-large\"><img src=\"https:\/\/www.chiquiocio.com\/ads\/wp-content\/uploads\/2019\/07\/ChiquiOcio_web.jpg\" alt=\"\" class=\"wp-image-622\"\/><\/figure>\n<!-- \/wp:image -->\n\n<!-- wp:separator -->\n<hr class=\"wp-block-separator\"\/>\n<!-- \/wp:separator -->\n\n<!-- wp:group -->\n<div class=\"wp-block-group\"><div class=\"wp-block-group__inner-container\"><!-- wp:heading {\"align\":\"left\",\"level\":1,\"customTextColor\":\"#7500d1\"} -->\n<h1 class=\"has-text-align-left\" style=\"color:#7500d1\">SUSCR\u00cdBETE A LA REVISTA CHIQUIOCIO  \u00a1por solo 9 euros al a\u00f1o! <\/h1>\n<!-- \/wp:heading --><\/div><\/div>\n<!-- \/wp:group -->\n\n<!-- wp:paragraph -->\n<p>Cada a\u00f1o recibir\u00e1s:<\/p>\n<!-- \/wp:paragraph -->\n\n<!-- wp:list -->\n<ul><li>5 entradas para alg\u00fan evento, espect\u00e1culo o centro de inter\u00e9s<\/li><li>6 n\u00fameros de la revista ChiquiOcio directamente en tu domicilio<\/li><\/ul>\n<!-- \/wp:list -->\n\n<!-- wp:paragraph -->\n<p>Y adem\u00e1s participar\u00e1s de los beneficios de ser socio del Club ChiquiOcio:<\/p>\n<!-- \/wp:paragraph -->\n\n<!-- wp:list -->\n<ul><li>Promociones y descuentos especiales<\/li><li>Informaci\u00f3n de los eventos destacados de cada semana en tu email<\/li><\/ul>\n<!-- \/wp:list -->"},"_links":{"self":[{"href":"https:\/\/www.chiquiocio.com\/ads\/wp-json\/wp\/v2\/pages\/784"}],"collection":[{"href":"https:\/\/www.chiquiocio.com\/ads\/wp-json\/wp\/v2\/pages"}],"about":[{"href":"https:\/\/www.chiquiocio.com\/ads\/wp-json\/wp\/v2\/types\/page"}],"author":[{"embeddable":true,"href":"https:\/\/www.chiquiocio.com\/ads\/wp-json\/wp\/v2\/users\/1"}],"replies":[{"embeddable":true,"href":"https:\/\/www.chiquiocio.com\/ads\/wp-json\/wp\/v2\/comments?post=784"}],"version-history":[{"count":47,"href":"https:\/\/www.chiquiocio.com\/ads\/wp-json\/wp\/v2\/pages\/784\/revisions"}],"predecessor-version":[{"id":2310,"href":"https:\/\/www.chiquiocio.com\/ads\/wp-json\/wp\/v2\/pages\/784\/revisions\/2310"}],"wp:attachment":[{"href":"https:\/\/www.chiquiocio.com\/ads\/wp-json\/wp\/v2\/media?parent=784"}],"curies":[{"name":"wp","href":"https:\/\/api.w.org\/{rel}","templated":true}]}}